.
-13
Let j(w) = w**3 - 14*w**2 - 14*w - 4. Determine j(15).
11
Let g(z) = z**2 - 3*z - 2. What is g(4)?
2
Let h(z) = 2*z**2 - 3*z - 3. Determine h(3).
6
Let z(c) = -c - 7. Calculate z(8).
-15
Let c(t) = -t**3 + 3*t**2 + 6*t - 7. Calculate c(4).
1
Let l(a) = a**3 - 5*a**2 - 17*a + 61. Calculate l(6).
-5
Let d(x) = -x**3 + 8*x**2 - 4*x + 1. Determine d(8).
-31
Let c(y) = -y**2 + y - 11. Give c(7).
-53
Let t(w) = -4*w + 10. What is t(6)?
-14
Let o(k) = -k**2 - 11*k - 11. Determine o(-10).
-1
Let a(t) = -t**2 - 12*t - 13. What is a(-6)?
23
Let h(o) = o**3 + 6*o**2 - o - 9. What is h(-5)?
21
Let q(n) = -n**3 - 4*n**2 - 4*n - 2. Give q(-2).
-2
Let k(n) = 3*n - 4. Determine k(9).
23
Let s(u) = -u**2 + 7*u + 18. Calculate s(9).
0
Let k(c) = c**3 + 14*c**2 - 3. Give k(-14).
-3
Let z(w) = 4*w - 19. Calculate z(8).
13
Let n(t) = t**2 - 13*t + 11. Calculate n(12).
-1
Let d(w) = -2*w + 4. Determine d(6).
-8
Let c(h) = -6*h**2 + h + 1. What is c(1)?
-4
Let w(u) = -4*u - 45. What is w(-7)?
-17
Let a(j) = -j**2 + 9*j + 15. What is a(10)?
5
Let r(k) = -k**2 - 11*k - 20. Give r(-12).
-32
Let o(z) = -z**2 - z - 1. Calculate o(0).
-1
Let j(g) = g**3 + 10*g**2 - 2*g - 2. What is j(-10)?
18
Let x(z) = 2*z**3 + 8*z**2 - 24*z - 85. What is x(-5)?
-15
Let d(z) = -6*z**2 - 1. Determine d(-1).
-7
Let g(w) = -16*w - 12. Give g(-5).
68
Let r(d) = 2*d - 6. What is r(1)?
-4
Let g(i) = 17*i. Give g(0).
0
Let x(c) = 4*c**2 - 84*c + 27. Determine x(20).
-53
Let d(c) = -19*c - 35. Determine d(-2).
3
Let g(s) = s**3 - 6*s**2 + 6*s + 6. Give g(5).
11
Let u(r) = -2*r**2 - 13*r + 3. Give u(-9).
-42
Let n(x) = x**3 + 3*x**2 - x - 11. What is n(4)?
97
Let d(n) = n**3 - 8*n**2 - 12*n + 13. Calculate d(9).
-14
Let r(p) = 9*p - 69. What is r(7)?
-6
Let p(v) = 3*v**3 + 49*v**2 - 32*v + 29. Give p(-17).
-5
Let y(t) = t**2 + 32*t + 150. Determine y(-26).
-6
Let f(v) = -v - 13. Determine f(-8).
-5
Let v(j) = -j**2 - 17*j - 47. Determine v(-14).
-5
Let o(r) = -3*r + 65. Give o(20).
5
Let o(v) = -v**2 + 10*v - 7. Calculate o(11).
-18
Let j(a) = -a - 13. Give j(-6).
-7
Let t(u) = -u. Calculate t(-5).
5
Let d(v) = -v**2 + 22*v + 140. What is d(-5)?
5
Let u(y) = -y + 7. Determine u(7).
0
Let a(l) = -3*l - 7. Determine a(-3).
2
Let s(t) = 2*t + 48. What is s(0)?
48
Let o(a) = -11*a - 60. Give o(-6).
6
Let g(v) = 2*v**3 + 47*v**2 + 18*v - 113. What is g(-23)?
2
Let o(j) = 2*j - 8. Give o(0).
-8
Let g(z) = -z**3 + 16*z**2 - 19*z + 21. Calculate g(15).
-39
Let t(h) = h**3 + 7*h**2 + 7*h + 13. Give t(-6).
7
Let d(y) = y**3 - 7*y**2 + 2*y - 9. Determine d(7).
5
Let y(t) = -6*t + 8. Give y(5).
-22
Let z(w) = 43*w - 60. Give z(4).
112
Let i(u) = 4*u - 6. Determine i(12).
42
Let r(n) = -4*n + 3. Calculate r(4).
-13
Let w(a) = a**3 + 23*a**2 - 26*a - 41. Give w(-24).
7
Let b(n) = -2*n**2 - 11*n - 9. Calculate b(-6).
-15
Let h(q) = -q**3 - 5*q**2 + 2*q - 17. What is h(-6)?
7
Let k(x) = -x**2 - 8*x - 6. Calculate k(-8).
-6
Let l(q) = -5*q - 64. Determine l(-14).
6
Let u(h) = 4*h + 21. Determine u(-5).
1
Let b(d) = -9*d - 100. Give b(-13).
17
Let i(f) = f**2 - 13*f + 5. Determine i(11).
-17
Let d(z) = -z**3 - 8*z**2 + 8*z + 13. What is d(-9)?
22
Let g(t) = t**2 - 50*t + 450. Determine g(12).
-6
Let z(j) = -26*j + 116. What is z(5)?
-14
Let a(d) = -d**3 + 15*d**2 - 3*d + 14. What is a(15)?
-31
Let s(y) = y + 1. Calculate s(-8).
-7
Let h(g) = -g**3 - 6*g**2 + 6*g - 4. Calculate h(-7).
3
Let b(s) = -3*s**2 + 4*s + 5. What is b(-3)?
-34
Let r(n) = n**3 - 6*n**2 + 4*n - 4. Determine r(5).
-9
Let k(l) = l - 36. What is k(38)?
2
Let j(n) = n**2 + 22*n + 41. What is j(-18)?
-31
Let f(z) = -13*z + 14. Determine f(-5).
79
Let o(a) = a**3 + 14*a**2 + 33*a - 15. Give o(-11).
-15
Let a(f) = -3*f**2 + 11*f - 2. What is a(5)?
-22
Let r(q) = -14*q - 6. Give r(8).
-118
Let l(c) = c**3 - 8*c**2 + 15*c - 10. Give l(6).
8
Let w(i) = i**3 - 9*i**2 + 4*i + 27. Give w(8).
-5
Let j(f) = f**3 + 10*f**2 + 13*f + 8. Give j(-8).
32
Let m(w) = w**2 - 25*w + 65. Determine m(22).
-1
Let q(y) = y**3 + 4*y**2 + 2*y + 3. Give q(-4).
-5
Let v(u) = u**3 - 18*u**2 + 19*u - 5. Give v(17).
29
Let g(m) = -2*m**3 - 21*m**2 - 10*m - 5. What is g(-10)?
-5
Let m(t) = -18*t**2 + 2*t + 13. Determine m(-3).
-155
Let a(j) = -j**3 - 2*j**2 + 3*j - 20. Determine a(-4).
0
Let r(n) = -n**2 + 40*n - 194. Give r(6).
10
Let j(p) = 21*p - 24. Calculate j(2).
18
Let b(h) = 2*h - 10. Give b(-7).
-24
Let h(a) = 2*a + 24. Determine h(-8).
8
Let j(o) = 3*o**2 + o - 1. Determine j(-2).
9
Let y(r) = -r**3 + 9*r**2 - 6*r - 4. What is y(8)?
12
Let s(b) = -60*b + 536. What is s(9)?
-4
Let r(g) = -g**2 + 8*g - 6. Give r(8).
-6
Let c(y) = 3*y + 2. Determine c(13).
41
Let c(o) = o**2 - 1. Give c(3).
8
Let f(l) = -l**3 + l**2 - l - 28. Give f(0).
-28
Let o(y) = y**2 + 13. What is o(0)?
13
Let u(s) = 3*s**3 + 7*s**2 + 6*s + 3. What is u(-2)?
-5
Let s(q) = q**2 - 65*q + 452. Give s(8).
-4
Let f(p) = -p**3 - 21*p**2 + 21*p - 14. Determine f(-22).
8
Let v(t) = -2*t**3 + 3*t**2 - 4*t. Give v(3).
-39
Let h(y) = y**2 + 17*y + 68. What is h(-12)?
8
Let y(l) = 7*l**3 + l**2 - 3*l - 3. Give y(-1).
-6
Let y(m) = m**2 + 7*m - 5. Give y(-9).
13
Let d(o) = -o**2 - 5*o + 11. What is d(-8)?
-13
Let t(m) = -m**3 + 7*m**2 - m + 10. What is t(7)?
3
Let k(h) = 3*h + 7. Give k(0).
7
Let m(w) = -6*w**3 + 2*w**2 + 2*w. Calculate m(-1).
6
Let m(c) = -c**3 - 7*c**2 + c + 3. Calculate m(-7).
-4
Let y(h) = h**2 - 24*h + 27. Determine y(22).
-17
Let y(r) = -53*r + 1. What is y(-1)?
54
Let t(f) = f**2 - 12*f - 13. Calculate t(-1).
0
Let a(w) = w - 24. Calculate a(16).
-8
Let z(h) = h**3 + 8*h**2 + 6*h + 54. Determine z(-8).
6
Let w(t) = 9*t - 28. Give w(3).
-1
Let h(a) = a**3 - 7*a**2 + 8*a - 4. Determine h(5).
-14
Let x(t) = 3*t + 52. Give x(-22).
-14
Let w(y) = -3*y**2 - 2*y - 3. Calculate w(-2).
-11
Let c(l) = -26*l - 1. Determine c(-3).
77
Let n(c) = -2*c**2 - 12*c + 60. Give n(-9).
6
Let p(x) = -x**3 - 9*x**2 - 5*x + 3. Give p(-8).
-21
Let m(b) = b**3 - 3*b**2 + 3*b - 3. Determine m(2).
-1
Let p(d) = 2*d + 7. Calculate p(-13).
-19
Let x(n) = -58*n - 505. Determine x(-9).
17
Let z(b) = -2*b**2 - 34*b + 36. What is z(-18)?
0
Let m(c) = c**3 - 7*c**2 + 4*c + 3. Calculate m(6).
-9
Let h(k) = -2*k**2 - 4*k + 3. What is h(-3)?
-3
Let l(v) = -v**3 + 2*v**2 + v + 3. Determine l(2).
5
Let f(c) = -c**2 - 11*c + 132. Give f(-18).
6
Let o(d) = d**3 + 22*d**2 - 2*d - 35. Determine o(-22).
9
Let q(m) = -24*m**3 - m - 1. Calculate q(-1).
24
Let p(f) = -6*f**2 + 27*f - 13. Determine p(4).
-1
Let y(s) = 2*s + 7. Determine y(-8).
-9
Let u(o) = o**3 + 45*o**2 + 5*o + 218. Determine u(-45).
-7
Let f(d) = d**2 - d + 1. Give f(1).
1
Let k(q) = 4*q**3 + 45*q**2 + 10*q - 12. Give k(-11).
-1
Let y(x) = 4*x + 17. Calculate y(-8).
-15
Let r(y) = 10*y**2 + y. Give r(-1).
9
Let g(q) = -q**3 - 39*q**2 - 39*q - 43. Determine g(-38).
-5
Let m(x) = -11*x - 39. Determine m(-4).
5
Let o(k) = 2*k - 9. Calculate o(4).
-1
Let x(j) = -4*j**3 - 2*j**2 - 9*j - 10. Give x(-2).
32
Let k(t) = -t**3 - 8*t**2 - 10*t - 7. What is k(-7)?
14
Let o(l) = -2*l + 69. Calculate o(-13).
95
Let t(j) = -j**3 - j**2 + 2*j + 1. Give t(2).
-7
Let u(k) = -2*k**2 + 61*k - 425. Calculate u(20).
-5
Let s(i) = -i**3 + 5*i**2 + 8*i - 11. What is s(7)?
-53
Let y(n) = -n**3 + 9*n**2 + 4*n - 20. Give y(9).
16
Let p(o) = o**2 + 6*o + 10. Give p(-7).
17
Let y(z) = 11*z + 51. Calculate y(-14).
-103
Let z(t) = -t**3 + 12*t**2 - 9*t - 27. Calculate z(11).
-5
Let q(k) = k**3 - 4*k**2 - 2*k + 12. Give q(5).
27
Let i(t) = -t**3 - 4*t**2 - 5*t - 1. Give i(-4).
19
Let o(z) = -3*z**2 - 32*z - 80. Determine o(-3).
-11
Let k(w) = -4*w - 26. What is k(9)?
-62
Let k(x) = x**2 + 15*x + 68. Determine k(-9).
14
Let g(q) = 2*q + 10. Calculate g(-20).
-30
Let n(b) = 7*b**2 + 179*b - 79. Calculate n(-26).
-1
Let x(u) = u**2 + 21*u + 92. Give x(-17).
24
Let k(u) = -u + 7. Calculate k(5).
2
Let n(c) = 4*c**2 - 4*c + 2. Give n(2).
10
Let n(q) = -31*q - 222. What is n(-7)?
-5
Let p(m) = m**3 + 7*m**2 - m + 11. Determine p(-7).
18
Let w(h) = -4*h**2 - 3*h - 2. Give w(2).
-24
Let i(j) = j**3 + j**2 - 2*j - 7. Calculate i(-3).
-19
Let r(t) = -t**3 - 2*t**2 + t + 8. What is r(-2)?
6
Let i(y) = y**2 - 9*y - 48. What is i(13)?
4
Let u(d) = 2*d**2 + 3*d - 2. What is u(-2)?
0
Let i(q) = -58*q +